 27*u + 1268. What is the remainder when u is divided by 8?
7
Let f = -5448 + 5913. Calculate the remainder when f is divided by 22.
3
Let o = -27502 - -27600. What is the remainder when 3907 is divided by o?
85
Suppose -931*o + 920*o + 638 = 0. Calculate the remainder when o is divided by 14.
2
Let h be ((-14)/(-7))/(1/(-1)). Calculate the remainder when (810/(-8))/5*-4 is divided by (-4)/8*(-44 - h).
18
Suppose 2*m = 2*b + 1528, -14*m + 10*m + 3*b = -3053. Let q = -304 + m. What is the remainder when q is divided by 46?
43
Let q(h) = -347*h - 3122. Calculate the remainder when q(-22) is divided by 33.
24
Let p = 30 + -13. Suppose 0 = 18*i - 0*i - 648. Suppose -s + i = l, 3*l + 4*s - 112 = -0*s. What is the remainder when l is divided by p?
15
Let u(n) = -13*n**2 - 770*n - 150. Calculate the remainder when 845 is divided by u(-59).
8
Suppose -191 = -6*t - 4*z + 75, 0 = 2*t - 4*z - 62. What is the remainder when 85/(2/(-3) - (-14)/12) is divided by t?
6
Calculate the remainder when 69 is divided by (-1 - -40) + (-66)/(-242)*-11.
33
Let l = 455 - 448. Calculate the remainder when (-583)/(-7) - (44/l + -6) is divided by 29.
25
Let i(s) = -s**3 - 22*s**2 - 60*s - 13. Let v(a) = -25*a - 145. Let l be v(-5). Calculate the remainder when i(l) is divided by 30.
27
Let o = 166944 - 166895. Calculate the remainder when (186/5)/3*5 is divided by o.
13
Let y(v) = 5*v**2 - 100*v - 81. What is the remainder when 794 is divided by y(21)?
2
What is the remainder when 20 + 253 + 1 + -2 is divided by 0 + -1 + (26 - 4)?
20
Suppose 5*z - 59*r + 54*r + 15 = 0, 0 = -18*z + 3*r + 66. Calculate the remainder when 165 is divided by z.
0
Let k = 288 + -258. Suppose -w + k = 2*w. Calculate the remainder when 26 is divided by w.
6
Let p(y) = -196*y - 949. Calculate the remainder when 137 is divided by p(-5).
13
What is the remainder when 82 is divided by (-5 + 3)*(-2)/4 - -10?
5
Let p(a) = 71*a + 1095. What is the remainder when 12926 is divided by p(-14)?
99
Let w = 147 - 95. Let d be 1/(-4) + (-205757)/(-148). Let c = d - 1381. What is the remainder when w is divided by c?
7
Let a = 137 + -96. Suppose -a*v = -44*v + 114. Calculate the remainder when 142 is divided by v.
28
Let u = 9220 + -9081. Calculate the remainder when 144 is divided by u.
5
Let u = -92 - -84. Calculate the remainder when 30156/189 - u/18 is divided by 54.
52
Let s = -1447 - -1015. Let o = s + 687. Calculate the remainder when o is divided by 43.
40
Let d(n) = 3*n + 11. Let j be d(-3). Calculate the remainder when (14 + -1)*(j + -1) is divided by 4.
1
Let t = -21783 - -22999. What is the remainder when t is divided by 34?
26
Let c(v) = v**3 + 25*v**2 + 9*v + 23. Suppose -3*o - 72 = -4*a, 0 = o + 2*a + 29 - 5. Calculate the remainder when c(o) is divided by 32.
31
Suppose 5*g + 5*x + 50 = 0, 5*g + 3*x = -7 - 33. Let m = 3 - g. Calculate the remainder when m is divided by -2 + (11/2 - (-9)/(-6)).
0
Let c be (-3)/4 - (1 + (-6552)/32). Suppose c = 7*h - 42. Calculate the remainder when 64 is divided by h.
29
Let a(z) = 36*z**2 - 1. Suppose -40 = -22*i + 26. What is the remainder when a(-1) is divided by (12 - i) + (-156)/(-39)?
9
Suppose -96*f + 94*f = 4*n - 1376, -3*f = -3*n - 2109. What is the remainder when f is divided by 104?
74
Suppose 0 = 2*h + h - 2*q - 201, -q = -3*h + 204. Suppose 0 = 8*x + 62 - 102. What is the remainder when h is divided by x?
4
Let f = 1915 + -1796. What is the remainder when f is divided by 82?
37
Let h(m) = 73*m**2 + 13*m - 19. What is the remainder when h(-3) is divided by 15?
14
Suppose -156 = -15*l + 11*l. Suppose -39*j + l = -36*j. Calculate the remainder when 24 is divided by j.
11
Suppose 2*o - 3*t = -2*o - 19, -3*t = 2*o + 5. Let n be -52*(3 + -5) + 4 + o. Let j = 124 - n. Calculate the remainder when 79 is divided by j.
19
Let n be 6 - (17/((-153)/(-180)))/2. Let t(g) = 7*g + 1. Let w be t(-1). Calculate the remainder when 68 is divided by ((-111)/(-6) - -3) + w/n.
22
Suppose 0 = 4*c - 85 + 97, -2*y - 5*c + 77 = 0. Calculate the remainder when 2023 is divided by y.
45
What is the remainder when 49/14*24544/182 is divided by 250?
222
Suppose 96 = 26*u - 1178. What is the remainder when 185 is divided by u?
38
Suppose 294 = 30*l - 696. Suppose -l - 63 = -a. Calculate the remainder when a is divided by 7.
5
Suppose -42*w + 573 + 277 = 8*w. Let b = -13 - -45. Calculate the remainder when b is divided by w.
15
Let l = -469 + 473. Suppose 184 = 2*d - l*s, 12*d - 3*s - 88 = 11*d. Calculate the remainder when d is divided by 51.
49
Let h(v) = 2*v**3 + 31*v**2 + 42*v + 35. What is the remainder when (1 - 94/(-8))/(49/588) is divided by h(-14)?
13
Let s(v) = 3*v**2 + 264*v + 4491. Calculate the remainder when s(-17) is divided by 44.
34
Suppose -21*n - 11567 = 22*n. Let v = n - -279. What is the remainder when 19 is divided by v?
9
Let v(a) = -3*a - 1. Suppose -4*l + 2*s + 8 = 0, -3*s - s + 4 = -3*l. Suppose 0 = -l*w + 80 + 112. What is the remainder when w is divided by v(-6)?
14
Suppose j + 25 = 6*j, 5*q = 5*j + 60. Suppose -28*s + q*s + 2442 = 0. Calculate the remainder when s is divided by 19.
13
Suppose 2*i = 6, -13*s + 17*s = 3*i + 315. Calculate the remainder when s is divided by 43.
38
Suppose 0 = -m + 3*m + 6. Suppose 1066*b - 1052*b - 224 = 0. What is the remainder when -7*(m - (6 - -2)) is divided by b?
13
Let m = -129 + 140. Let w(q) = -4*q - 14 + 3*q + 6*q - 2*q. Calculate the remainder when w(11) is divided by m.
8
Suppose -20*x + 412 - 32 = 0. Suppose -2*l + 3*l - x = 0. What is the remainder when 54 is divided by l?
16
Let w(i) = i**2 - 4*i - 18. Suppose -8*s + 230 = -970. What is the remainder when ((-16)/(-24))/(4/s) is divided by w(8)?
11
Suppose 4*z + 1783 + 317 = 0. Calculate the remainder when 97 is divided by (6/(-21))/(3/z).
47
What is the remainder when 1*(11 + 565)/16 is divided by 24?
12
Let b = 36192 + -36180. What is the remainder when 2194 is divided by b?
10
Suppose 0*l + 4*l - 2*l = 0. Suppose -6*j - 20 - 28 = l. Let o = 14 - j. What is the remainder when o is divided by 13?
9
Let g(b) = -7*b - 3. What is the remainder when (-24432)/(-128) - (-51)/408 is divided by g(-5)?
31
Let r = -10072 - -10152. Calculate the remainder when r is divided by 65.
15
Let m be 6/16 + 6/(-96)*6. Suppose 27*x - 18*x - 198 = m. What is the remainder when 195 is divided by x?
19
Suppose -5*a + 10904 = 7*i, 5*a - 5*i = 9*a - 8719. Calculate the remainder when a is divided by 39.
26
Let x(g) = 4*g**2 - 20*g + 5. Let h be x(5). Suppose -4*y - 6*l + 102 = -5*l, h*y = -2*l + 129. Calculate the remainder when y is divided by 10.
5
Suppose -3*d - 111 = -3*m, -21*d + m - 169 = -16*d. Let j = 11 - -76. Calculate the remainder when j is divided by (-81)/6*22/d.
6
Calculate the remainder when -4*9/(-6) - (-12944 + (-20 - -24)) is divided by 166.
164
Let l(m) = -m + 57. Let v be l(12). Suppose y - 3*f = v, 4*f = -5*y + 175 - 45. Calculate the remainder when y is divided by 10.
0
Suppose 275*f = 274*f + 1120. Suppose 0 = 15*u - 1025 - f. Calculate the remainder when u is divided by 62.
19
What is the remainder when 1732 is divided by 9 + (1288 + 0)/14?
15
Let l = -16156 - -16164. Calculate the remainder when 10518 is divided by l.
6
Let t be (9/6 - 5)*(-2)/1. Let m(n) = 25*n - 57. Let s be m(t). Suppose -11*h - s = -13*h. Calculate the remainder when h is divided by 15.
14
Let w(o) = -20*o + 17. Let d(q) = 19*q - 16. Let a(t) = 6*d(t) + 5*w(t). Let m be a(3). Let v = m + 9. What is the remainder when 79 is divided by v?
39
Suppose -3*l + 39 = s, 5*l - 58 - 43 = -3*s. What is the remainder when 102 is divided by s*((-7 - -8) + 0)?
21
Let c = 221 + 518. Suppose 5*g + 3*a - c = 0, 2*g + g - a - 449 = 0. What is the remainder when g is divided by 6?
5
Let l(r) = -292*r**3 - 52*r**2 - 25*r - 9. What is the remainder when l(-3) is divided by 4?
2
Let d(q) = -q**2 - 83*q - 527. Calculate the remainder when d(-75) is divided by 47.
26
Let m be (-6)/(-2) - (22 - 26). Let z be m*(-5 - 1)/2. Let h = 54 + z. What is the remainder when 95 is divided by h?
29
Suppose -3*x + r = -x - 87, -2*r + 72 = 2*x. Suppose 20*u - 202 = -82. Suppose -u = -5*j + 69. Calculate the remainder when x is divided by j.
11
Suppose -42*g - 19*g = -39*g - 3542. Calculate the remainder when 266 is divided b